when g is divided by 174/9 + (-2)/6?
16
Let z = 36 - 20. Let c = -285 + 295. What is the remainder when z is divided by c - (0 - 2)*-2?
4
Let r = 205 - 203. Suppose -18*q + 3*o + 68 = -13*q, r*q - 31 = 5*o. Calculate the remainder when 61 is divided by q.
9
Let r = 367 - 317. What is the remainder when r is divided by (9 + -2)*4/(-20)*-5?
1
Let h = 28 + -3. Let p = 73 - 63. Let d(l) = -2*l**2 + 19*l + 24. What is the remainder when h is divided by d(p)?
11
Suppose 3*n + 5*n - 16 = 0. Suppose -h - 3*b + 2 = -2*h, -b = -2*h + 11. Calculate the remainder when (2/(-4) - -2)/(n/12) is divided by h.
2
Calculate the remainder when 2682 is divided by (-63)/9 - (-3 + 5 + -1*25).
10
Let w be ((-8)/12)/(8/(-36)). Let p(r) = r - 4*r**2 - 119*r**w + 120*r**3 + 4 - 4*r. What is the remainder when p(6) is divided by 15?
13
Let w be (-3)/(-12) + ((-35565)/(-20))/3. Let q = -296 + w. What is the remainder when q is divided by 6?
3
Let h(b) = -2*b**2 - 1. Let c be h(1). Let n be ((-10)/(-30))/(1/c). What is the remainder when (-563)/(-11) - (2/(-11))/n is divided by 9?
6
Let b = 4 + -2. Suppose 3*y - 6*y = -3*d - 39, -3*d + 80 = 4*y. What is the remainder when y is divided by b/7 - 19/(-7)?
2
Let c(q) = q**3 - 3*q + 2. Let m be c(-2). Suppose 4*w - 105 - 15 = m. What is the remainder when w is divided by 9?
3
Suppose 5*f - 5*z - 20 = 0, 0*f - 2*z = 4*f - 40. Suppose -f = -7*p + 265. What is the remainder when 100 is divided by p?
22
Let z(n) = -104*n + 741. What is the remainder when 1360 is divided by z(7)?
8
Let z = 66 - 64. Suppose 0 = 5*n - 5, 3*l - z*n = -12 + 85. Let r = 45 - l. Calculate the remainder when 38 is divided by r.
18
Suppose 16*i - m = 21*i - 328, 0 = -4*i + 5*m + 274. What is the remainder when 589 is divided by i?
61
Let g(x) = -3*x - 2. Suppose 4*y - i + 8 = -5*i, -6 = -3*y + 3*i. Calculate the remainder when (y - -1) + 26/3*3 is divided by g(-4).
7
Suppose 106*o - 98*o - 32 = 0. Suppose o*a = 3*w - 142, 5*w + 29*a - 24*a - 190 = 0. What is the remainder when 69 is divided by w?
27
Let h = 5 - -1. Suppose h*c - c - 30 = 0. What is the remainder when (-4 - (-5)/5 - -9) + (-231)/(-3) is divided by c?
5
Let v(o) = 8*o + 89. Let h be -11 + (-1)/((-1)/2 + 0). Calculate the remainder when 45 is divided by v(h).
11
Let q(v) = 9*v**2 + 109*v - 110. What is the remainder when 614 is divided by q(1)?
6
Let o(z) = -5*z + 10. Let p be o(-9). Let u = 23 + p. Suppose -5*r + 3*f = -7*r + 12, 0 = 3*r - 3*f - 33. What is the remainder when u is divided by r?
6
Suppose 0 = 2*x - 14 + 2. Let i(z) = -z - 8. Let u(v) = -v - 1. Let k(o) = x*u(o) - i(o). Calculate the remainder when k(-2) is divided by 4.
0
Let q = -34221 + 35686. Calculate the remainder when q is divided by 105.
100
Let x be 0*(-3 + 24/9). Let j = -86 - -19. Let d = x - j. Calculate the remainder when d is divided by 18.
13
Let n = -880 - -1585. Let a = n - 616. What is the remainder when 162 is divided by a?
73
Let m be (-2 - (3 + -6))*-2 + 7. Suppose -2*s = -4*q - 26, -m*s = 7*q - 3*q + 5. What is the remainder when 8 is divided by s?
2
Let p(o) = o**2 + o + 51. Let m(z) = -2452*z - 26830. Calculate the remainder when m(-11) is divided by p(0).
40
Suppose 0 = 21*l - 3*l - 504. Let w(b) = b**3 - 2*b**2 + 55. What is the remainder when w(0) is divided by l?
27
Suppose 131*g - 21526 = 120347. What is the remainder when g is divided by 360?
3
Suppose 0 = 45*i - 1231 - 1044 + 565. Let y = -4 - -8. Calculate the remainder when i is divided by y.
2
Let g = 12399 - 12371. Calculate the remainder when 612 is divided by g.
24
Suppose 4*v + 15 = m, 0 = -0*m + 4*m + 3*v - 155. Suppose 0 = 5*b - 28 + 18. What is the remainder when m is divided by b/12 + (-2405)/(-222)?
2
Let z be 216/10 - (140/25 + -5). Let m = 23 + z. Calculate the remainder when 123 is divided by m.
35
Let n = 59 + -52. Suppose 0 = 4*c - d - 20, 5*d + 2 - n = -c. Suppose 6 + 19 = c*m. Calculate the remainder when m is divided by 3.
2
What is the remainder when 614*(-4)/(-12)*45/6 is divided by 64?
63
Suppose -17 = -g + l, 25*g = 22*g + 2*l + 47. Calculate the remainder when g is divided by 4/(-6)*(-6 + -6).
5
Suppose 151*m - 36071 - 4493 = 12890. What is the remainder when m is divided by 169?
16
Let z = -17 + 46. Let i(h) = 29 - 52 - h + z. What is the remainder when 2 is divided by i(5)?
0
Let f(i) = 4*i**3 - 6*i**2 - 11*i - 4. What is the remainder when f(4) is divided by 6?
4
Suppose 0 = 188*k + 84*k - 82086 - 32426. What is the remainder when k is divided by 141?
139
Let a(t) = -81*t + 56. Calculate the remainder when a(-5) is divided by 6.
5
Suppose -4*h = -5*y - 901 + 884, h = -y + 20. Calculate the remainder when 5429 is divided by h.
8
Let c(t) = t**3 + 4*t**2 - t + 3. Let q(h) = -2*h**2 - 32*h - 3. Let w be q(-13). Suppose 0 = 2*j + 9 - w. What is the remainder when j is divided by c(-4)?
5
Let p(j) = j**3 - 10*j**2 + 7*j + 26. Let w be p(9). Suppose 6*q - 50 + w = 0. Calculate the remainder when 34 - (5 + 0) - 5 is divided by q.
3
Let r(g) = g**2 - 16*g - 48. Suppose 9*q - 5*q = 84. Let n be r(q). Suppose 0 = -5*y - l + 76, 4*y + l = 4*l + n. What is the remainder when 44 is divided by y?
14
Let m = 6430 - 4685. What is the remainder when m is divided by 38?
35
Let h(o) be the second derivative of o**3/3 + 22*o**2 + 26*o. Let j be h(13). Let u = j + 74. What is the remainder when u is divided by 37?
33
Suppose 5*j = 3*f - 96, -2*f + 3*j + 27 = -37. What is the remainder when 393 is divided by f?
9
Suppose 0 = -22*c - 34*c + 5096. What is the remainder when 1269 is divided by c?
86
Let z be (-2)/8 + 6 + (-14)/8. Suppose 80 = z*y + 2*c, -5*y + 4*c + 60 = -27. What is the remainder when y is divided by 9?
1
Let o(w) = -9*w**2 - 14*w - 16. Let j(x) = x**2 - 1. Let i(t) = -2*j(t) - o(t). What is the remainder when i(-8) is divided by 17?
14
What is the remainder when 1262 is divided by 12 + -8 + -10 + 32*8?
12
Let o(t) = t**3 + 2*t**2 + 3*t + 144. Suppose 5*p + 5*p = 0. Calculate the remainder when o(p) is divided by 74.
70
Let v = -37 + 159. What is the remainder when 339 is divided by v?
95
Suppose 1040 = 12113*h - 12111*h. Calculate the remainder when h is divided by 32.
8
Suppose 5*h - 30 = 5*w, 29 = -4*w + 9. Let a(k) = 127*k + 6. Let s = -142 - -176. What is the remainder when a(h) is divided by s?
31
What is the remainder when (-3 - -4)/(24/13224) is divided by 43?
35
Let j be (0 - (3 - -1)) + 14. Suppose j*p = 15*p - 20. Calculate the remainder when (-1)/((-2)/16*2) is divided by p.
0
Suppose -14*n + 1402 + 320 = 0. Let l = n - 54. Let b = l + -39. Calculate the remainder when b is divided by 22.
8
Suppose -3*x - 2*c + 2 = 6, 4*x - 3*c = 6. Let w(m) = m + 100. Let j be w(x). Calculate the remainder when 53 is divided by 5/(j/15)*36.
26
Let b(y) = -y**3 + 5*y**2 + 2*y - 4. Let s(t) = 155*t**3 - t**2 + 3*t - 2. Let f be s(1). Let n = -140 + f. What is the remainder when n is divided by b(5)?
3
Suppose 17*y = 15*y + 14. Suppose -6*b = -y*b + 9. Suppose b = v - 5*j - 59, -2*j - 165 = -3*v. What is the remainder when v is divided by 11?
9
Suppose -4*r + 152 = c, -4*r + r + 429 = 3*c. Suppose -3*v = v - c. What is the remainder when 414/10 + 21/v is divided by 22?
20
Suppose 0 = -6*o + 255 - 63. Let r = 44 - o. What is the remainder when 111 is divided by r?
3
Let c(g) = g**3 - 7*g**2 - 96*g + 735. Calculate the remainder when 2076 is divided by c(7).
60
What is the remainder when 162 is divided by (510/21)/((-150)/(-525))?
77
Let t be 1/8 + -5*(-20)/(-32). Calculate the remainder when t + 199 + 3 + -1 - 1 is divided by 62.
11
Suppose -12*n - 4123 = -5623. What is the remainder when 383 is divided by n?
8
Suppose 3*g + 32 = 2*q - 0*q, -3*q - 6*g + 69 = 0. What is the remainder when 794 is divided by q?
15
Let t = -1564 + -2672. What is the remainder when 153 is divided by (6/(-27) - 0) + t/(-108)?
36
Let n = 15 + -7. Let o be (-153)/68*n/3. What is the remainder when 3 is divided by (o/12)/((-1)/2)?
0
Suppose 12*m + 4*j = 13*m - 332, 3*j - 1366 = -4*m. Calculate the remainder when m is divided by 43.
39
Suppose -4*m = -4*a + 268, -385 + 82 = 4*m + 3*a. Let q = m - -115. What is the remainder when 6 - (-5*102/12 + 3)*2 is divided by q?
42
Let p be 15/(-6)*(-12)/10. Suppose 2*m - 170 = -3*b, 55 = p*b + 3*m - 113. What is the 